{"id":2853,"date":"2024-10-09T09:28:37","date_gmt":"2024-10-09T09:28:37","guid":{"rendered":"https:\/\/knitlove.cl\/?post_type=product&#038;p=2853"},"modified":"2026-04-06T02:10:38","modified_gmt":"2026-04-06T02:10:38","slug":"diario-de-tejido","status":"publish","type":"product","link":"https:\/\/knitlove.cl\/index.php\/producto\/diario-de-tejido\/","title":{"rendered":"Diario de tejido"},"content":{"rendered":"<p>Hermoso diario de tejido encuadernado empleando la t\u00e9cnica de fusi\u00f3n con delicadas telas que te llamar\u00e1n diariamente a registrar tus proyectos e ideas en sus 113 p\u00e1ginas.<\/p>\n<p>En \u00e9l encontrar\u00e1s 4 grandes secciones:<\/p>\n<p>1. <u>Informaci\u00f3n \u00fatil para el tejido<\/u>: Desde Grosores de Hilados a una gr\u00e1fica del cerebro tejedor que te sacar\u00e1 m\u00e1s de alguna sonrisa.<\/p>\n<p>2. <u>Registro de Proyectos<\/u>: Registro en detalle para 30 de tus proyectos (60 p\u00e1ginas). Podr\u00e1s usar esta informaci\u00f3n para calcular los costos o s\u00f3lo para mantener un registro en caso de necesitarlo mas adelante.<\/p>\n<p>3. <u>Dise\u00f1a tu Colorwork<\/u>: Espacio para dejar volar tu imaginacion y jugar con los colores&#8230; Una estrella? Una flor? Haz tus pruebas en las 19 p\u00e1ginas que tienes!<\/p>\n<p>4. <u>Dise\u00f1a tu Patr\u00f3n<\/u>: T\u00fa que amas dise\u00f1ar, tienes 19 p\u00e1ginas para inspirarte y tomar nota de lo que tu mente sue\u00f1a.<\/p>\n<p>El diario tiene grabado dorado en tapa delantera y trasera, adem\u00e1s de dos cintas de organza.<\/p>\n<p>Los diarios de ecopiel y tela aterciopelada cuentan con protectores de de punta met\u00e1licos en color rosa gold, pero si quieres agregarlo a tu diario de otra tela, escribelo en las notas \ud83e\ude77<\/p>\n<p><strong><u>Nota: La fabricaci\u00f3n de un diario puede tomar de 2 a 3 d\u00edas h\u00e1biles, por los procesos de impresi\u00f3n, encuadernaci\u00f3n y secado, por lo que el pedido podr\u00eda tomar de 5 a 6 d\u00edas h\u00e1biles para enviarse<\/u><\/strong>.<\/p>\n","protected":false},"excerpt":{"rendered":"<p>Hermoso diario de tejido encuadernado empleando la t\u00e9cnica de fusi\u00f3n con delicadas telas que te llamar\u00e1n diariamente a registrar tus proyectos e ideas en sus 113 p\u00e1ginas. En \u00e9l encontrar\u00e1s 4 grandes secciones: 1. Informaci\u00f3n \u00fatil para el tejido: Desde Grosores de Hilados a una gr\u00e1fica del cerebro tejedor que te sacar\u00e1 m\u00e1s de alguna [&hellip;]<\/p>\n","protected":false},"featured_media":2963,"comment_status":"open","ping_status":"closed","template":"","meta":[],"product_brand":[],"product_cat":[116],"product_tag":[],"class_list":{"0":"post-2853","1":"product","2":"type-product","3":"status-publish","4":"has-post-thumbnail","6":"product_cat-otros-accesorios","8":"first","9":"onbackorder","10":"taxable","11":"shipping-taxable","12":"purchasable","13":"product-type-variable","14":"rtwpvg-product"},"jetpack_sharing_enabled":true,"_links":{"self":[{"href":"https:\/\/knitlove.cl\/index.php\/wp-json\/wp\/v2\/product\/2853","targetHints":{"allow":["GET"]}}],"collection":[{"href":"https:\/\/knitlove.cl\/index.php\/wp-json\/wp\/v2\/product"}],"about":[{"href":"https:\/\/knitlove.cl\/index.php\/wp-json\/wp\/v2\/types\/product"}],"replies":[{"embeddable":true,"href":"https:\/\/knitlove.cl\/index.php\/wp-json\/wp\/v2\/comments?post=2853"}],"wp:featuredmedia":[{"embeddable":true,"href":"https:\/\/knitlove.cl\/index.php\/wp-json\/wp\/v2\/media\/2963"}],"wp:attachment":[{"href":"https:\/\/knitlove.cl\/index.php\/wp-json\/wp\/v2\/media?parent=2853"}],"wp:term":[{"taxonomy":"product_brand","embeddable":true,"href":"https:\/\/knitlove.cl\/index.php\/wp-json\/wp\/v2\/product_brand?post=2853"},{"taxonomy":"product_cat","embeddable":true,"href":"https:\/\/knitlove.cl\/index.php\/wp-json\/wp\/v2\/product_cat?post=2853"},{"taxonomy":"product_tag","embeddable":true,"href":"https:\/\/knitlove.cl\/index.php\/wp-json\/wp\/v2\/product_tag?post=2853"}],"curies":[{"name":"wp","href":"https:\/\/api.w.org\/{rel}","templated":true}]}}