{"id":1043,"date":"2023-11-26T13:48:00","date_gmt":"2023-11-26T13:48:00","guid":{"rendered":"https:\/\/knitlove.cl\/?post_type=product&#038;p=1043"},"modified":"2026-04-06T02:10:32","modified_gmt":"2026-04-06T02:10:32","slug":"tinte-acido-colores-basicos","status":"publish","type":"product","link":"https:\/\/knitlove.cl\/index.php\/producto\/tinte-acido-colores-basicos\/","title":{"rendered":"Tinte \u00c1cido Colores B\u00e1sicos"},"content":{"rendered":"<p>Tinte \u00e1cido marca Dharma original, importado desde Estados Unidos.<\/p>\n<p>Contenido neto: 30 gramos<\/p>\n","protected":false},"excerpt":{"rendered":"<p>Tinte \u00e1cido marca Dharma original, importado desde Estados Unidos. Contenido neto: 30 gramos<\/p>\n","protected":false},"featured_media":1645,"comment_status":"open","ping_status":"closed","template":"","meta":[],"product_brand":[],"product_cat":[122],"product_tag":[],"class_list":{"0":"post-1043","1":"product","2":"type-product","3":"status-publish","4":"has-post-thumbnail","6":"product_cat-tintes-acidos","8":"first","9":"instock","10":"taxable","11":"shipping-taxable","12":"purchasable","13":"product-type-variable","14":"rtwpvg-product"},"jetpack_sharing_enabled":true,"_links":{"self":[{"href":"https:\/\/knitlove.cl\/index.php\/wp-json\/wp\/v2\/product\/1043","targetHints":{"allow":["GET"]}}],"collection":[{"href":"https:\/\/knitlove.cl\/index.php\/wp-json\/wp\/v2\/product"}],"about":[{"href":"https:\/\/knitlove.cl\/index.php\/wp-json\/wp\/v2\/types\/product"}],"replies":[{"embeddable":true,"href":"https:\/\/knitlove.cl\/index.php\/wp-json\/wp\/v2\/comments?post=1043"}],"wp:featuredmedia":[{"embeddable":true,"href":"https:\/\/knitlove.cl\/index.php\/wp-json\/wp\/v2\/media\/1645"}],"wp:attachment":[{"href":"https:\/\/knitlove.cl\/index.php\/wp-json\/wp\/v2\/media?parent=1043"}],"wp:term":[{"taxonomy":"product_brand","embeddable":true,"href":"https:\/\/knitlove.cl\/index.php\/wp-json\/wp\/v2\/product_brand?post=1043"},{"taxonomy":"product_cat","embeddable":true,"href":"https:\/\/knitlove.cl\/index.php\/wp-json\/wp\/v2\/product_cat?post=1043"},{"taxonomy":"product_tag","embeddable":true,"href":"https:\/\/knitlove.cl\/index.php\/wp-json\/wp\/v2\/product_tag?post=1043"}],"curies":[{"name":"wp","href":"https:\/\/api.w.org\/{rel}","templated":true}]}}