{"id":732,"date":"2023-08-25T19:00:24","date_gmt":"2023-08-25T19:00:24","guid":{"rendered":"https:\/\/knitlove.cl\/?page_id=732"},"modified":"2024-09-25T19:26:51","modified_gmt":"2024-09-25T19:26:51","slug":"category-blog","status":"publish","type":"page","link":"https:\/\/knitlove.cl\/index.php\/category-blog\/","title":{"rendered":"Blog Despistado"},"content":{"rendered":"\n<div class=\"wp-block-cover alignfull is-light is-layout-flow wp-block-cover-is-layout-flow\" style=\"min-height:212px;aspect-ratio:unset;\"><span aria-hidden=\"true\" class=\"wp-block-cover__background has-background-dim-0 has-background-dim\"><\/span><img loading=\"lazy\" decoding=\"async\" width=\"2000\" height=\"400\" class=\"wp-block-cover__image-background wp-image-1564\" alt=\"\" src=\"https:\/\/knitlove.cl\/wp-content\/uploads\/2024\/04\/BLOG.gif\" data-object-fit=\"cover\"\/><div class=\"wp-block-cover__inner-container\"><\/div><\/div>\n\n\n\n<div style=\"height:48px\" aria-hidden=\"true\" class=\"wp-block-spacer\"><\/div>\n\n\n<style>.kb-posts-id-732_10a54e-33 .entry.loop-entry .entry-header .entry-title{text-transform:uppercase;}.kb-posts-id-732_10a54e-33 .kb-post-list-item{display:grid;}@media all and (max-width: 1024px){.kb-posts-id-732_10a54e-33 .entry.loop-entry .entry-header .entry-title{font-size:var(--global-kb-font-size-md, 1.25rem);}}@media all and (max-width: 767px){.kb-posts-id-732_10a54e-33 .entry.loop-entry .entry-header .entry-title{font-size:var(--global-kb-font-size-md, 1.25rem);}}<\/style><ul class=\"wp-block-kadence-posts kb-posts kadence-posts-list kb-posts-id-732_10a54e-33 content-wrap grid-cols kb-posts-style-boxed grid-sm-col-2 grid-lg-col-3 item-image-style-above\"><li class=\"kb-post-list-item\">\n\t<article class=\"entry content-bg loop-entry post-6637 post type-post status-publish format-standard hentry category-blog\">\n\t\t\t\t<div class=\"entry-content-wrap\">\n\t\t\t<header class=\"entry-header\">\n\t\t<div class=\"entry-taxonomies\">\n\t\t<span class=\"category-links term-links category-style-normal\">\n\t\t\t<a href=\"https:\/\/knitlove.cl\/index.php\/category\/blog\/\" rel=\"category tag\">Blog<\/a>\t\t<\/span>\n\t<\/div><!-- .entry-taxonomies -->\n\t<h4 class=\"entry-title\"><a href=\"https:\/\/knitlove.cl\/index.php\/2026\/03\/27\/que-hay-de-nuevo-en-knitlove\/\" rel=\"bookmark\">Qu\u00e9 hay de nuevo en KnitLove?<\/a><\/h4>\t<div class=\"entry-meta entry-meta-divider-dot\">\n\t<span class=\"posted-by\"><span class=\"meta-label\">Por<\/span><span class=\"author vcard\"><span class=\"fn n\">Sofia<\/span><\/span><\/span>\t\t\t<span class=\"posted-on\">\n\t\t\t\t<time class=\"entry-date published\" datetime=\"2026-03-27T07:30:00+00:00\">27\/03\/2026<\/time><time class=\"updated\" datetime=\"2026-03-25T23:37:46+00:00\">25\/03\/2026<\/time>\t\t\t<\/span>\n\t\t\t<div class=\"meta-comments\"><a class=\"meta-comments-link anchor-scroll\" href=\"https:\/\/knitlove.cl\/index.php\/2026\/03\/27\/que-hay-de-nuevo-en-knitlove\/#comments\">0 Comentarios<\/a><\/div>\t<\/div><!-- .entry-meta -->\n\t<\/header><!-- .entry-header -->\n\t<div class=\"entry-summary\">\n\t\t<p>En estos 3 a\u00f1os he aprendido muchas cosas en la tienda, pero creo que lo m\u00e1s importante y que he usado en la vida diaria, es a vivir plenamente; en la pr\u00e1ctica lo traduzco en poner atenci\u00f3n a lo que esta pasando en mi entorno y, entre otras cosas, identificar problemas y evaluar c\u00f3mo podr\u00eda [&hellip;]<\/p>\n\t<\/div><!-- .entry-summary -->\n\t<footer class=\"entry-footer\">\n\t\t\t<div class=\"entry-actions\">\n\t\t\t<p class=\"more-link-wrap\">\n\t\t\t\t<a href=\"https:\/\/knitlove.cl\/index.php\/2026\/03\/27\/que-hay-de-nuevo-en-knitlove\/\" class=\"post-more-link\">\n\t\t\t\t\tLeer m\u00e1s<span class=\"screen-reader-text\"> Qu\u00e9 hay de nuevo en KnitLove?<\/span><span class=\"kadence-svg-iconset svg-baseline\"><svg aria-hidden=\"true\" class=\"kadence-svg-icon kadence-arrow-right-alt-svg\" fill=\"currentColor\" version=\"1.1\" xmlns=\"http:\/\/www.w3.org\/2000\/svg\" width=\"27\" height=\"28\" viewBox=\"0 0 27 28\"><title>Continuar<\/title><path d=\"M27 13.953c0 0.141-0.063 0.281-0.156 0.375l-6 5.531c-0.156 0.141-0.359 0.172-0.547 0.094-0.172-0.078-0.297-0.25-0.297-0.453v-3.5h-19.5c-0.281 0-0.5-0.219-0.5-0.5v-3c0-0.281 0.219-0.5 0.5-0.5h19.5v-3.5c0-0.203 0.109-0.375 0.297-0.453s0.391-0.047 0.547 0.078l6 5.469c0.094 0.094 0.156 0.219 0.156 0.359v0z\"><\/path>\n\t\t\t<\/svg><\/span>\t\t\t\t<\/a>\n\t\t\t<\/p>\n\t\t<\/div><!-- .entry-actions -->\n\t\t<\/footer><!-- .entry-footer -->\t\t<\/div>\n\t<\/article>\n<\/li>\n<li class=\"kb-post-list-item\">\n\t<article class=\"entry content-bg loop-entry post-2734 post type-post status-publish format-standard hentry category-blog tag-shampoo\">\n\t\t\t\t<div class=\"entry-content-wrap\">\n\t\t\t<header class=\"entry-header\">\n\t\t<div class=\"entry-taxonomies\">\n\t\t<span class=\"category-links term-links category-style-normal\">\n\t\t\t<a href=\"https:\/\/knitlove.cl\/index.php\/category\/blog\/\" rel=\"category tag\">Blog<\/a>\t\t<\/span>\n\t<\/div><!-- .entry-taxonomies -->\n\t<h4 class=\"entry-title\"><a href=\"https:\/\/knitlove.cl\/index.php\/2025\/03\/19\/el-shampoo-de-lana\/\" rel=\"bookmark\">El Secreto del Shampoo de Lana<\/a><\/h4>\t<div class=\"entry-meta entry-meta-divider-dot\">\n\t<span class=\"posted-by\"><span class=\"meta-label\">Por<\/span><span class=\"author vcard\"><span class=\"fn n\">Sofia<\/span><\/span><\/span>\t\t\t<span class=\"posted-on\">\n\t\t\t\t<time class=\"entry-date published\" datetime=\"2025-03-19T12:34:38+00:00\">19\/03\/2025<\/time><time class=\"updated\" datetime=\"2026-04-01T16:54:09+00:00\">01\/04\/2026<\/time>\t\t\t<\/span>\n\t\t\t<div class=\"meta-comments\"><a class=\"meta-comments-link anchor-scroll\" href=\"https:\/\/knitlove.cl\/index.php\/2025\/03\/19\/el-shampoo-de-lana\/#comments\">0 Comentarios<\/a><\/div>\t<\/div><!-- .entry-meta -->\n\t<\/header><!-- .entry-header -->\n\t<div class=\"entry-summary\">\n\t\t<p>\u00bfPor qu\u00e9 un shampoo especial para la lana y no uno com\u00fan y corriente? Para entender esto debemos conocer previamente las caracter\u00edsticas propias de la fibra y luego conocer los secretos del producto. La Lana La lana es una fibra natural que se obtiene de las ovejas y de otros animales como las llamas, alpacas, [&hellip;]<\/p>\n\t<\/div><!-- .entry-summary -->\n\t<footer class=\"entry-footer\">\n\t\t\t<div class=\"entry-actions\">\n\t\t\t<p class=\"more-link-wrap\">\n\t\t\t\t<a href=\"https:\/\/knitlove.cl\/index.php\/2025\/03\/19\/el-shampoo-de-lana\/\" class=\"post-more-link\">\n\t\t\t\t\tLeer m\u00e1s<span class=\"screen-reader-text\"> El Secreto del Shampoo de Lana<\/span><span class=\"kadence-svg-iconset svg-baseline\"><svg aria-hidden=\"true\" class=\"kadence-svg-icon kadence-arrow-right-alt-svg\" fill=\"currentColor\" version=\"1.1\" xmlns=\"http:\/\/www.w3.org\/2000\/svg\" width=\"27\" height=\"28\" viewBox=\"0 0 27 28\"><title>Continuar<\/title><path d=\"M27 13.953c0 0.141-0.063 0.281-0.156 0.375l-6 5.531c-0.156 0.141-0.359 0.172-0.547 0.094-0.172-0.078-0.297-0.25-0.297-0.453v-3.5h-19.5c-0.281 0-0.5-0.219-0.5-0.5v-3c0-0.281 0.219-0.5 0.5-0.5h19.5v-3.5c0-0.203 0.109-0.375 0.297-0.453s0.391-0.047 0.547 0.078l6 5.469c0.094 0.094 0.156 0.219 0.156 0.359v0z\"><\/path>\n\t\t\t<\/svg><\/span>\t\t\t\t<\/a>\n\t\t\t<\/p>\n\t\t<\/div><!-- .entry-actions -->\n\t\t<\/footer><!-- .entry-footer -->\t\t<\/div>\n\t<\/article>\n<\/li>\n<li class=\"kb-post-list-item\">\n\t<article class=\"entry content-bg loop-entry post-1684 post type-post status-publish format-standard hentry category-blog tag-muestra-de-tension\">\n\t\t\t\t<div class=\"entry-content-wrap\">\n\t\t\t<header class=\"entry-header\">\n\t\t<div class=\"entry-taxonomies\">\n\t\t<span class=\"category-links term-links category-style-normal\">\n\t\t\t<a href=\"https:\/\/knitlove.cl\/index.php\/category\/blog\/\" rel=\"category tag\">Blog<\/a>\t\t<\/span>\n\t<\/div><!-- .entry-taxonomies -->\n\t<h4 class=\"entry-title\"><a href=\"https:\/\/knitlove.cl\/index.php\/2024\/06\/28\/la-temida-muestra-de-tension\/\" rel=\"bookmark\">La temida muestra de tensi\u00f3n<\/a><\/h4>\t<div class=\"entry-meta entry-meta-divider-dot\">\n\t<span class=\"posted-by\"><span class=\"meta-label\">Por<\/span><span class=\"author vcard\"><span class=\"fn n\">Sofia<\/span><\/span><\/span>\t\t\t<span class=\"posted-on\">\n\t\t\t\t<time class=\"entry-date published\" datetime=\"2024-06-28T00:43:11+00:00\">28\/06\/2024<\/time><time class=\"updated\" datetime=\"2026-04-01T17:23:24+00:00\">01\/04\/2026<\/time>\t\t\t<\/span>\n\t\t\t<div class=\"meta-comments\"><a class=\"meta-comments-link anchor-scroll\" href=\"https:\/\/knitlove.cl\/index.php\/2024\/06\/28\/la-temida-muestra-de-tension\/#comments\">0 Comentarios<\/a><\/div>\t<\/div><!-- .entry-meta -->\n\t<\/header><!-- .entry-header -->\n\t<div class=\"entry-summary\">\n\t\t<p>\u00bfQu\u00e9 es la muestra de tensi\u00f3n? Como su nombre lo dice, es una muestra de la cantidad de puntos que tejer\u00e1s en un cuadrado (generalmente de 10 x 10 cm) de acuerdo a la aguja que est\u00e1s usando y a la tensi\u00f3n que tengas al momento de tejer. La tensi\u00f3n se refiere a qu\u00e9 tanto [&hellip;]<\/p>\n\t<\/div><!-- .entry-summary -->\n\t<footer class=\"entry-footer\">\n\t\t\t<div class=\"entry-actions\">\n\t\t\t<p class=\"more-link-wrap\">\n\t\t\t\t<a href=\"https:\/\/knitlove.cl\/index.php\/2024\/06\/28\/la-temida-muestra-de-tension\/\" class=\"post-more-link\">\n\t\t\t\t\tLeer m\u00e1s<span class=\"screen-reader-text\"> La temida muestra de tensi\u00f3n<\/span><span class=\"kadence-svg-iconset svg-baseline\"><svg aria-hidden=\"true\" class=\"kadence-svg-icon kadence-arrow-right-alt-svg\" fill=\"currentColor\" version=\"1.1\" xmlns=\"http:\/\/www.w3.org\/2000\/svg\" width=\"27\" height=\"28\" viewBox=\"0 0 27 28\"><title>Continuar<\/title><path d=\"M27 13.953c0 0.141-0.063 0.281-0.156 0.375l-6 5.531c-0.156 0.141-0.359 0.172-0.547 0.094-0.172-0.078-0.297-0.25-0.297-0.453v-3.5h-19.5c-0.281 0-0.5-0.219-0.5-0.5v-3c0-0.281 0.219-0.5 0.5-0.5h19.5v-3.5c0-0.203 0.109-0.375 0.297-0.453s0.391-0.047 0.547 0.078l6 5.469c0.094 0.094 0.156 0.219 0.156 0.359v0z\"><\/path>\n\t\t\t<\/svg><\/span>\t\t\t\t<\/a>\n\t\t\t<\/p>\n\t\t<\/div><!-- .entry-actions -->\n\t\t<\/footer><!-- .entry-footer -->\t\t<\/div>\n\t<\/article>\n<\/li>\n<\/ul>","protected":false},"excerpt":{"rendered":"","protected":false},"author":1,"featured_media":0,"parent":0,"menu_order":0,"comment_status":"closed","ping_status":"closed","template":"","meta":{"footnotes":""},"class_list":["post-732","page","type-page","status-publish","hentry"],"jetpack_sharing_enabled":true,"_links":{"self":[{"href":"https:\/\/knitlove.cl\/index.php\/wp-json\/wp\/v2\/pages\/732","targetHints":{"allow":["GET"]}}],"collection":[{"href":"https:\/\/knitlove.cl\/index.php\/wp-json\/wp\/v2\/pages"}],"about":[{"href":"https:\/\/knitlove.cl\/index.php\/wp-json\/wp\/v2\/types\/page"}],"author":[{"embeddable":true,"href":"https:\/\/knitlove.cl\/index.php\/wp-json\/wp\/v2\/users\/1"}],"replies":[{"embeddable":true,"href":"https:\/\/knitlove.cl\/index.php\/wp-json\/wp\/v2\/comments?post=732"}],"version-history":[{"count":13,"href":"https:\/\/knitlove.cl\/index.php\/wp-json\/wp\/v2\/pages\/732\/revisions"}],"predecessor-version":[{"id":2634,"href":"https:\/\/knitlove.cl\/index.php\/wp-json\/wp\/v2\/pages\/732\/revisions\/2634"}],"wp:attachment":[{"href":"https:\/\/knitlove.cl\/index.php\/wp-json\/wp\/v2\/media?parent=732"}],"curies":[{"name":"wp","href":"https:\/\/api.w.org\/{rel}","templated":true}]}}